 Suppose -3*o - 4*b = b - k, -2*o + b = -6. Suppose 0 = -0*q - o*q + 2235. Is q composite?
True
Let m(c) = -2383*c - 1656. Is m(-11) prime?
False
Let z = 17087 - 7436. Is z composite?
True
Suppose 3051650 = 58*t + 21*t - 2262759. Is t composite?
False
Let a(g) = g**2 - 5*g + 6 - 2*g**2 - 3 - 17*g**3. Let z = -3997 + 3995. Is a(z) a prime number?
False
Let u = 19 + -23. Let l be 0/(u/12*3). Suppose -8*v + v + 1897 = l. Is v prime?
True
Suppose 6*l - 10*l = 64. Let q be l/(-20)*(-445)/(-4)*46. Suppose 0 = 7*f - q - 5139. Is f a composite number?
False
Suppose -30 = c - 28. Is 108058/97*(0 - 11/c) a prime number?
False
Let b = 20 + -10. Is 269/((16/b)/8) composite?
True
Let c(i) = -10*i**3 - 8*i**2 + 32*i + 51. Let h be c(-34). Suppose -43*n = -h - 520288. Is n prime?
True
Let n = 67928 + -38449. Is n a composite number?
True
Let m(g) be the second derivative of g**7/504 - 7*g**6/720 + 7*g**5/120 + 2*g**4/3 + 4*g. Let y(n) be the third derivative of m(n). Is y(4) a prime number?
True
Let l be (96543/(-36))/((-1)/(-4)). Let m = l - -15448. Is m a prime number?
True
Let h = 756 - 1267. Let r = 2948 + h. Is r a prime number?
True
Is (-22)/(286/11700377)*(1 + -2) composite?
True
Let s = 469395 - 264166. Is s a composite number?
True
Let m = -683826 + 1069483. Is m composite?
False
Let h = 97116 + -21589. Is h a composite number?
False
Let y(q) = -q**2 - q + 24. Let n be y(4). Suppose n*w + p - 6626 = 0, 2*p + p = 3*w - 4977. Is w composite?
False
Let w = 84 - 96. Let n be 51/21 - w/(-28). Suppose 0 = -n*h - z + 794, -5*h + 4*z = -10*h + 1985. Is h prime?
True
Let r be 862 + 8 + 8/(-2). Suppose -3*z + 5*i + 1027 = 0, 4*z + 2*i = r + 538. Suppose -33 = 4*y - z. Is y a prime number?
True
Suppose 5*n - 4*n - 4*v = -8, -n - 5*v + 10 = 0. Let z(x) = x**3 + 70. Let h be z(n). Suppose -h = -2*i + 516. Is i a composite number?
False
Let y be ((-28)/140)/((-2)/170). Suppose 5*g = -s + 241750, -3*s = -y*g + 15*g + 96683. Is g a composite number?
True
Suppose 4*h = -5*p + 545, -4*p - 4*h = 183 - 615. Let t = 3090 - p. Is t a composite number?
True
Let n(z) = 5392*z**2 + 353*z + 1401. Is n(-4) prime?
False
Let l = 701009 - 352392. Is l prime?
True
Suppose -11522 = -4*w + 5*j - 7*j, 2*j - 14402 = -5*w. Suppose -3*a = -3*t - w, a + 0*a = 2*t + 965. Is a prime?
False
Let j be 2/2*9*6/(-9). Let n(f) = -9*f**3 - 5*f. Let h be n(j). Let r = h + -1096. Is r composite?
True
Let u(s) = 10066*s**2 - 52*s - 37. Is u(6) a prime number?
True
Suppose 3362 = r - 4*y, 7*r = 4*r + y + 10141. Let a = 7371 - r. Is a a prime number?
True
Let u(p) = 4*p**3 - 6*p**2 + p - 1869. Let q(v) = -13*v**3 + 21*v**2 - 4*v + 5609. Let w(f) = -2*q(f) - 7*u(f). Is w(0) composite?
True
Let w = 481373 - 318556. Is w composite?
True
Suppose -6 - 4 = -5*z. Suppose z*v = 3*v + 280. Let i = v - -435. Is i prime?
False
Suppose -7*i + 635 + 5420 = 0. Suppose -5*p = 11*p - 6528. Let w = i - p. Is w a prime number?
True
Let f(j) = 32*j**3 - j**2 - j + 1. Let p be f(1). Let q = p - 59. Is -699*3/(36/q) composite?
True
Suppose 6*w + 11 - 281 = 0. Let l be (w - -1) + 1 - 4. Let y = -18 + l. Is y composite?
True
Let h = 422769 - 232406. Is h a composite number?
True
Let d(w) = 12*w**3 + 77*w**2 + 88*w + 157. Let p(f) = -7*f**3 - 39*f**2 - 44*f - 79. Let v(y) = -3*d(y) - 5*p(y). Is v(-37) a composite number?
True
Let k = 112727 + 123882. Is k composite?
False
Suppose 4*h = 5*o - 5 - 12, -4*o + 28 = 4*h. Suppose 3*j + c = 3065, -h*j + j - c + 1021 = 0. Suppose z + x = 1281, x + 251 + j = z. Is z a composite number?
False
Let j = -196 + 76. Let q = j + 120. Suppose 10*v - 14*v + 3676 = q. Is v prime?
True
Let z(w) = -w**3 + 5*w**2 - 12. Let j(b) = 3*b**3 - 15*b**2 + 35. Let d(x) = 6*j(x) + 17*z(x). Let v be d(5). Suppose -v*n + 5*n + 145 = 0. Is n composite?
True
Let h = 1389 + -548. Is h a composite number?
True
Let c(f) = 13*f**3 + 3*f**2 + 23*f - 22. Let s be (-35)/21*3*-1. Is c(s) a prime number?
False
Suppose -3*k - 2*c = -1278197, -c - 3232422 = -5*k - 1102124. Is k a composite number?
False
Let n be (-1 + (-3)/(-6))/(1/(-84)). Suppose 5*o - 313 = n. Suppose 4*f + o = 5*i - 44, 115 = 5*i - 2*f. Is i prime?
True
Suppose 5*k = -4*u + 605896, 138*k - 137*k = 4*u - 605872. Is u prime?
False
Suppose 0 = 6*c + 3*c - 27. Suppose -c*r - 7 + 31 = 0. Is (2342/8)/(2/r) composite?
False
Let a = 1785 - -16214. Is a a prime number?
False
Suppose 15*w - 178*w + 352582 + 33749137 = 0. Is w a prime number?
True
Suppose -10*g = -14*g + 696. Suppose -5*i - 3*q + 1106 = 0, -i + q + g = -52. Let h = i + 84. Is h a prime number?
True
Suppose 517*u - 520*u = 33. Is (8247/3 - 0)/(u/(-33)) composite?
True
Suppose 40*j - 5*j = 202720. Let g = j + -2745. Is g a prime number?
False
Let z be 29/(-6) + 3*3/(-54). Let h be 184770/z - 4/(-1). Is h/(-18) - 10/(-45) composite?
False
Is 12689*69 + (-14 - -10 - 1 - -7) composite?
False
Suppose -3*n = -3*h - 2840724, 0 = -10*n + 7*n + h + 2840710. Is n a composite number?
False
Let x = 26 - 21. Suppose -x*u = -3*u - 6. Is (-1262)/u*(-21)/14 a prime number?
True
Suppose 9*m = 11*m - 84. Let o be (-15)/(-35) + (-3)/(m/(-20266)). Let p = -1005 + o. Is p prime?
True
Suppose 14*v + 2*i = 11*v + 753, -4*v + 3*i + 1021 = 0. Let n = 264 - v. Is n composite?
False
Is ((-191606)/(-14))/(442/3094) prime?
True
Suppose 291*i - 288*i - 82863 = 0. Let s = i - 13030. Is s a prime number?
True
Let y(p) = p**3 + 39*p**2 - 365*p + 365. Is y(64) a composite number?
True
Let d(b) = 29*b**2 - 76*b + 4. Let w be d(-5). Suppose -m + 4036 = w. Is m composite?
False
Suppose 3*i - 100269 + 9681 = 0. Suppose -36*c + i + 8288 = 0. Is c composite?
False
Let j(r) = -1333*r + 165. Let c be j(-21). Let i = 42871 - c. Is i composite?
False
Suppose -4*y - 8 = 0, 4*i + 5*y + 48 - 6 = 0. Let a(c) = 142*c**2 - 14*c + 27. Is a(i) a composite number?
False
Suppose 28*b - 31*b - 3*p = -190914, -2*b + 127278 = 4*p. Is b prime?
False
Suppose -242*o = -246*o + 16. Suppose -4*d = 3*z - 8*d - 27307, -o*d + 18238 = 2*z. Is z composite?
False
Let x be 0 + 3*1 + (-14 - -14). Suppose 5*m = -2*r + x*r - 652, -2*r + 1280 = 2*m. Let n = -227 + r. Is n prime?
False
Let a(y) = 11*y**3 + 3*y**2 - 2*y + 17. Let o be a(-5). Let t = -556 - o. Let j = t + -380. Is j composite?
False
Let z = -47 - -49. Let i be z - (11 - 3)/(-2). Let h(t) = t**3 - 4*t**2 + 2*t + 3. Is h(i) composite?
True
Let r(c) = -11464*c - 5359. Is r(-98) a prime number?
True
Let c(b) = -4*b - 3. Let a be c(-2). Let t = 24694 + -16931. Suppose t = a*g - 2372. Is g composite?
False
Let n(y) = 9631*y**2 + 15*y - 25. Is n(-3) a prime number?
False
Let u(w) = 33*w**2 + 19*w - 11. Let c(y) = y + 17. Let h be c(-14). Suppose h*a + 23 = -4. Is u(a) prime?
False
Let a(r) = -4*r**2 + 6*r - 43. Let o(n) be the third derivative of -3*n**5/20 + n**4/2 - 29*n**3/2 + 18*n**2. Let s(l) = -5*a(l) + 2*o(l). Is s(20) composite?
True
Let f = 291077 + -191116. Is f a composite number?
False
Let a(l) = -2*l**3 + 5*l**2 - 2*l + 8. Let x be 45/(-15) - (-6 + -1). Suppose -s + 4*g - 7 = 0, x*s + 3*g = -0*g - 28. Is a(s) a composite number?
False
Let y = 4075 - -297. Suppose -704 - 2561 = 3*x + 5*j, 4*x + y = -2*j. Let f = x + 1784. Is f a composite number?
True
Let t(o) = o**2 - o + 8292. Let j be t(0). Let f = 1047 - 1047. Suppose 8*r - 20*r + j = f. Is r a prime number?
True
Is (-1516)/(21/(882/(-60))) + (-1)/5 a composite number?
False
Is 2/10 - (2118580/250)/(4/(-60)) a prime number?
False
Let y(o) = 4026*o**2 - 9*o + 58. Is y(7) a composite number?
False
Let f(p) = -3*p - 4 + p + p + 2*p. Let u be f(1). Is (4293 - -1)*u/(-6) a composite number?
True
Let u(z) = 44426*z**2 - 9*z + 4. Let q be u(2). Suppose -14*c + 8*c = -q. Is c prime?
False
Suppose 19*t + 11 = 68. Let b(x) be the second derivative of 4*x**4/3 + x**3/6 + x**2 + 2*x. Is b(t) composite?
False
Suppose -4*r = -2*r + 3*y + 1789, 0 = r + 3*y + 887. Let b = 2115 + r. Is b prime?
True
Let i(m) = m**2 - 76*m + 5228. Is i(63) a composite number?
False
Let h(p) = 4583*p**2 - 5*p - 179. Is h(-13) composite?
True
Suppose -d - 5*j + 22477 = -5702, -j = -5*d + 140791. Is d a composite number?
True
Suppose 0 = -4*o + 2*o + 18. Let t(l) = 0*l - 6*l - 2*l + 16 - o*l. Is t(-11) prime?
False
Let t(h) = 2*h**3 - 9*h**2 + 3*h + 4. Let u be t(4). Suppose 